{"id":6450,"date":"2021-09-08T12:14:25","date_gmt":"2021-09-08T12:14:25","guid":{"rendered":"https:\/\/www.luksicscholars.org\/?post_type=ls-event&#038;p=6450"},"modified":"2021-09-08T12:14:25","modified_gmt":"2021-09-08T12:14:25","slug":"revistas-culturales-latinoamericanas-recorte-y-globalizacion-de-la-cultura-en-la-primera-mitad-del-siglo-xx","status":"publish","type":"ls-event","link":"https:\/\/luksicscholars.org\/en\/event\/revistas-culturales-latinoamericanas-recorte-y-globalizacion-de-la-cultura-en-la-primera-mitad-del-siglo-xx\/","title":{"rendered":"Revistas culturales latinoamericanas, recorte y globalizaci\u00f3n de la cultura en la primera mitad del siglo XX"},"content":{"rendered":"\n<p><span class=\"ls-force-justify\">Esta clase abierta propone una discusi\u00f3n sobre el recorte de prensa internacional como pr\u00e1ctica material y editorial en un conjunto de revistas latinoamericanas de los a\u00f1os treinta y cuarenta, dirigidas por destacados intelectuales latinoamericanos, como Samuel Glusberg, Fernando Ortiz y Joaqu\u00edn Garc\u00eda Monje, entre otros. Interesa pensar los procesos de \u201cdigesti\u00f3n\u201d que experimentan los recortes, las estrategias transculturadoras que se activan en virtud de esa pr\u00e1ctica en las revistas, y los dise\u00f1os de mundo que se producen a partir de estos desplazamientos. El recorte materializa la segunda vida de un amplio conjunto de revistas durante los a\u00f1os que rodean la Segunda Guerra Mundial, sus transformaciones y sus modos de circulaci\u00f3n: una forma de lo impreso vinculada al montaje y al intervalo, pero tambi\u00e9n a las tradiciones antrop\u00f3fagas que caracterizaron el arte y la cultura latinoamericanas del siglo XX. La charla expone los resultados del proyecto colaborativo realizado junto a Mariano Siskind \u201cCultures of Reading and Global Intellectual Communities in Latin American Periodicals 1930-1950\u201d (2018), financiado por el David Rockefeller Center de Harvard University. Por otra parte, muestra los avances de la investigaci\u00f3n a la que dicho proyecto dio lugar: \u201cRevistas culturales latinoamericanas, recorte y globalizaci\u00f3n de la cultura en la primera mitad del siglo XX\u201d (Fondecyt Regular 1190182, Agencia Nacional de Investigaci\u00f3n, Chile).<\/span><\/p>\n\n\n\n<p><span class=\"ls-force-justify\">Orador:<br><strong>Antonia Viu<\/strong>, Directora Departamento de Literatura, Universidad Adolfo Ib\u00e1\u00f1ez<\/span><\/p>\n\n\n\n<p><span class=\"ls-force-justify\">Moderado por:<br><strong>Mariano Siskind<\/strong>, Profesor de Lenguas y Literatura Romance, y Literatura Comparativa; Co-presidente del Programa de Andes &amp; Cono Sur, Universidad de Harvard<\/span><\/p>\n","protected":false},"excerpt":{"rendered":"<p>This event is part of Harvard-UAI Collaborative Research Discoveries in Chile Series and will be held in Spanish. This event is virtual and will be held at 6:30pm Santiago de Chile time. <\/p>\n<p>Este evento se realizar\u00e1 en espa\u00f1ol.<\/p>\n","protected":false,"has_excerpt":true},"featured_media":0,"parent":0,"comment_status":"open","ping_status":"closed","template":"","class_list":["post-6450","ls-event","type-ls-event","status-publish","hentry"],"acf":{"date_start":"2021-09-22 18:30:00","date_end":"2021-09-22 20:00:00","timezone":"CLT - Chile Standard Time (CMT-3:00)","list_description":"","event_type":"virtual","organized_by":"Harvard drclas","organized_by_url":"https:\/\/drclas.harvard.edu\/","is_private":false,"attendance_instructions":"Registration is requested. Use the Sign Up link below.","external_link":"https:\/\/harvard.zoom.us\/meeting\/register\/tJ0rcOCvrTgjHtNN4ATn9v6g8mePrXUMaNC6","external_email":"","external_use":"url","external_cta":"Sign Up","is_portal_event":false,"related_scholar":false,"target_description":"","registration_instructions":"","reject_event":false,"reminders_sent":false,"microinteractions":{"remindme":{"count":"","users":false}}},"yoast_head":"<!-- This site is optimized with the Yoast SEO plugin v27.3 - https:\/\/yoast.com\/product\/yoast-seo-wordpress\/ -->\n<title>Revistas culturales latinoamericanas, recorte y globalizaci\u00f3n de la cultura en la primera mitad del siglo XX - Luksic Scholars<\/title>\n<meta name=\"robots\" content=\"index, follow, max-snippet:-1, max-image-preview:large, max-video-preview:-1\" \/>\n<link rel=\"canonical\" href=\"https:\/\/luksicscholars.org\/en\/event\/revistas-culturales-latinoamericanas-recorte-y-globalizacion-de-la-cultura-en-la-primera-mitad-del-siglo-xx\/\" \/>\n<meta property=\"og:locale\" content=\"en_US\" \/>\n<meta property=\"og:type\" content=\"article\" \/>\n<meta property=\"og:title\" content=\"Revistas culturales latinoamericanas, recorte y globalizaci\u00f3n de la cultura en la primera mitad del siglo XX - Luksic Scholars\" \/>\n<meta property=\"og:description\" content=\"This event is part of Harvard-UAI Collaborative Research Discoveries in Chile Series and will be held in Spanish. This event is virtual and will be held at 6:30pm Santiago de Chile time.  Este evento se realizar\u00e1 en espa\u00f1ol.\" \/>\n<meta property=\"og:url\" content=\"https:\/\/luksicscholars.org\/en\/event\/revistas-culturales-latinoamericanas-recorte-y-globalizacion-de-la-cultura-en-la-primera-mitad-del-siglo-xx\/\" \/>\n<meta property=\"og:site_name\" content=\"Luksic Scholars\" \/>\n<meta name=\"twitter:card\" content=\"summary_large_image\" \/>\n<meta name=\"twitter:label1\" content=\"Est. reading time\" \/>\n\t<meta name=\"twitter:data1\" content=\"1 minute\" \/>\n<script type=\"application\/ld+json\" class=\"yoast-schema-graph\">{\"@context\":\"https:\\\/\\\/schema.org\",\"@graph\":[{\"@type\":\"WebPage\",\"@id\":\"https:\\\/\\\/luksicscholars.org\\\/en\\\/event\\\/revistas-culturales-latinoamericanas-recorte-y-globalizacion-de-la-cultura-en-la-primera-mitad-del-siglo-xx\\\/\",\"url\":\"https:\\\/\\\/luksicscholars.org\\\/en\\\/event\\\/revistas-culturales-latinoamericanas-recorte-y-globalizacion-de-la-cultura-en-la-primera-mitad-del-siglo-xx\\\/\",\"name\":\"Revistas culturales latinoamericanas, recorte y globalizaci\u00f3n de la cultura en la primera mitad del siglo XX - Luksic Scholars\",\"isPartOf\":{\"@id\":\"https:\\\/\\\/luksicscholars.org\\\/#website\"},\"datePublished\":\"2021-09-08T12:14:25+00:00\",\"breadcrumb\":{\"@id\":\"https:\\\/\\\/luksicscholars.org\\\/en\\\/event\\\/revistas-culturales-latinoamericanas-recorte-y-globalizacion-de-la-cultura-en-la-primera-mitad-del-siglo-xx\\\/#breadcrumb\"},\"inLanguage\":\"en-US\",\"potentialAction\":[{\"@type\":\"ReadAction\",\"target\":[\"https:\\\/\\\/luksicscholars.org\\\/en\\\/event\\\/revistas-culturales-latinoamericanas-recorte-y-globalizacion-de-la-cultura-en-la-primera-mitad-del-siglo-xx\\\/\"]}]},{\"@type\":\"BreadcrumbList\",\"@id\":\"https:\\\/\\\/luksicscholars.org\\\/en\\\/event\\\/revistas-culturales-latinoamericanas-recorte-y-globalizacion-de-la-cultura-en-la-primera-mitad-del-siglo-xx\\\/#breadcrumb\",\"itemListElement\":[{\"@type\":\"ListItem\",\"position\":1,\"name\":\"Home\",\"item\":\"https:\\\/\\\/luksicscholars.org\\\/en\\\/\"},{\"@type\":\"ListItem\",\"position\":2,\"name\":\"Eventos\",\"item\":\"https:\\\/\\\/luksicscholars.org\\\/evento\\\/\"},{\"@type\":\"ListItem\",\"position\":3,\"name\":\"Revistas culturales latinoamericanas, recorte y globalizaci\u00f3n de la cultura en la primera mitad del siglo XX\"}]},{\"@type\":\"WebSite\",\"@id\":\"https:\\\/\\\/luksicscholars.org\\\/#website\",\"url\":\"https:\\\/\\\/luksicscholars.org\\\/\",\"name\":\"Luksic Scholars\",\"description\":\"Connecting Luksic Scholars around the world\",\"publisher\":{\"@id\":\"https:\\\/\\\/luksicscholars.org\\\/#organization\"},\"potentialAction\":[{\"@type\":\"SearchAction\",\"target\":{\"@type\":\"EntryPoint\",\"urlTemplate\":\"https:\\\/\\\/luksicscholars.org\\\/?s={search_term_string}\"},\"query-input\":{\"@type\":\"PropertyValueSpecification\",\"valueRequired\":true,\"valueName\":\"search_term_string\"}}],\"inLanguage\":\"en-US\"},{\"@type\":\"Organization\",\"@id\":\"https:\\\/\\\/luksicscholars.org\\\/#organization\",\"name\":\"Luksic Scholars\",\"url\":\"https:\\\/\\\/luksicscholars.org\\\/\",\"logo\":{\"@type\":\"ImageObject\",\"inLanguage\":\"en-US\",\"@id\":\"https:\\\/\\\/luksicscholars.org\\\/#\\\/schema\\\/logo\\\/image\\\/\",\"url\":\"https:\\\/\\\/luksicscholars.org\\\/\\\/wp-content\\\/uploads\\\/2020\\\/09\\\/LuksicScholarsFoundation-Primary-white.svg\",\"contentUrl\":\"https:\\\/\\\/luksicscholars.org\\\/\\\/wp-content\\\/uploads\\\/2020\\\/09\\\/LuksicScholarsFoundation-Primary-white.svg\",\"width\":1177,\"height\":305,\"caption\":\"Luksic Scholars\"},\"image\":{\"@id\":\"https:\\\/\\\/luksicscholars.org\\\/#\\\/schema\\\/logo\\\/image\\\/\"}}]}<\/script>\n<!-- \/ Yoast SEO plugin. -->","yoast_head_json":{"title":"Revistas culturales latinoamericanas, recorte y globalizaci\u00f3n de la cultura en la primera mitad del siglo XX - Luksic Scholars","robots":{"index":"index","follow":"follow","max-snippet":"max-snippet:-1","max-image-preview":"max-image-preview:large","max-video-preview":"max-video-preview:-1"},"canonical":"https:\/\/luksicscholars.org\/en\/event\/revistas-culturales-latinoamericanas-recorte-y-globalizacion-de-la-cultura-en-la-primera-mitad-del-siglo-xx\/","og_locale":"en_US","og_type":"article","og_title":"Revistas culturales latinoamericanas, recorte y globalizaci\u00f3n de la cultura en la primera mitad del siglo XX - Luksic Scholars","og_description":"This event is part of Harvard-UAI Collaborative Research Discoveries in Chile Series and will be held in Spanish. This event is virtual and will be held at 6:30pm Santiago de Chile time.  Este evento se realizar\u00e1 en espa\u00f1ol.","og_url":"https:\/\/luksicscholars.org\/en\/event\/revistas-culturales-latinoamericanas-recorte-y-globalizacion-de-la-cultura-en-la-primera-mitad-del-siglo-xx\/","og_site_name":"Luksic Scholars","twitter_card":"summary_large_image","twitter_misc":{"Est. reading time":"1 minute"},"schema":{"@context":"https:\/\/schema.org","@graph":[{"@type":"WebPage","@id":"https:\/\/luksicscholars.org\/en\/event\/revistas-culturales-latinoamericanas-recorte-y-globalizacion-de-la-cultura-en-la-primera-mitad-del-siglo-xx\/","url":"https:\/\/luksicscholars.org\/en\/event\/revistas-culturales-latinoamericanas-recorte-y-globalizacion-de-la-cultura-en-la-primera-mitad-del-siglo-xx\/","name":"Revistas culturales latinoamericanas, recorte y globalizaci\u00f3n de la cultura en la primera mitad del siglo XX - Luksic Scholars","isPartOf":{"@id":"https:\/\/luksicscholars.org\/#website"},"datePublished":"2021-09-08T12:14:25+00:00","breadcrumb":{"@id":"https:\/\/luksicscholars.org\/en\/event\/revistas-culturales-latinoamericanas-recorte-y-globalizacion-de-la-cultura-en-la-primera-mitad-del-siglo-xx\/#breadcrumb"},"inLanguage":"en-US","potentialAction":[{"@type":"ReadAction","target":["https:\/\/luksicscholars.org\/en\/event\/revistas-culturales-latinoamericanas-recorte-y-globalizacion-de-la-cultura-en-la-primera-mitad-del-siglo-xx\/"]}]},{"@type":"BreadcrumbList","@id":"https:\/\/luksicscholars.org\/en\/event\/revistas-culturales-latinoamericanas-recorte-y-globalizacion-de-la-cultura-en-la-primera-mitad-del-siglo-xx\/#breadcrumb","itemListElement":[{"@type":"ListItem","position":1,"name":"Home","item":"https:\/\/luksicscholars.org\/en\/"},{"@type":"ListItem","position":2,"name":"Eventos","item":"https:\/\/luksicscholars.org\/evento\/"},{"@type":"ListItem","position":3,"name":"Revistas culturales latinoamericanas, recorte y globalizaci\u00f3n de la cultura en la primera mitad del siglo XX"}]},{"@type":"WebSite","@id":"https:\/\/luksicscholars.org\/#website","url":"https:\/\/luksicscholars.org\/","name":"Luksic Scholars","description":"Connecting Luksic Scholars around the world","publisher":{"@id":"https:\/\/luksicscholars.org\/#organization"},"potentialAction":[{"@type":"SearchAction","target":{"@type":"EntryPoint","urlTemplate":"https:\/\/luksicscholars.org\/?s={search_term_string}"},"query-input":{"@type":"PropertyValueSpecification","valueRequired":true,"valueName":"search_term_string"}}],"inLanguage":"en-US"},{"@type":"Organization","@id":"https:\/\/luksicscholars.org\/#organization","name":"Luksic Scholars","url":"https:\/\/luksicscholars.org\/","logo":{"@type":"ImageObject","inLanguage":"en-US","@id":"https:\/\/luksicscholars.org\/#\/schema\/logo\/image\/","url":"https:\/\/luksicscholars.org\/\/wp-content\/uploads\/2020\/09\/LuksicScholarsFoundation-Primary-white.svg","contentUrl":"https:\/\/luksicscholars.org\/\/wp-content\/uploads\/2020\/09\/LuksicScholarsFoundation-Primary-white.svg","width":1177,"height":305,"caption":"Luksic Scholars"},"image":{"@id":"https:\/\/luksicscholars.org\/#\/schema\/logo\/image\/"}}]}},"_links":{"self":[{"href":"https:\/\/luksicscholars.org\/en\/wp-json\/wp\/v2\/ls-event\/6450","targetHints":{"allow":["GET"]}}],"collection":[{"href":"https:\/\/luksicscholars.org\/en\/wp-json\/wp\/v2\/ls-event"}],"about":[{"href":"https:\/\/luksicscholars.org\/en\/wp-json\/wp\/v2\/types\/ls-event"}],"replies":[{"embeddable":true,"href":"https:\/\/luksicscholars.org\/en\/wp-json\/wp\/v2\/comments?post=6450"}],"wp:attachment":[{"href":"https:\/\/luksicscholars.org\/en\/wp-json\/wp\/v2\/media?parent=6450"}],"curies":[{"name":"wp","href":"https:\/\/api.w.org\/{rel}","templated":true}]}}

Revistas culturales latinoamericanas, recorte y globalización de la cultura en la primera mitad del siglo XX

<p><span class="ls-force-justify">Esta clase abierta propone una discusión sobre el recorte de prensa internacional como práctica material y editorial en un conjunto de revistas latinoamericanas de los años treinta y cuarenta, dirigidas por destacados intelectuales latinoamericanos, como Samuel Glusberg, Fernando Ortiz y Joaquín García Monje, entre otros. Interesa pensar los procesos de “digestión” que experimentan los recortes, las estrategias transculturadoras que se activan en virtud de esa práctica en las revistas, y los diseños de mundo que se producen a partir de estos desplazamientos. El recorte materializa la segunda vida de un amplio conjunto de revistas durante los años que rodean la Segunda Guerra Mundial, sus transformaciones y sus modos de circulación: una forma de lo impreso vinculada al montaje y al intervalo, pero también a las tradiciones antropófagas que caracterizaron el arte y la cultura latinoamericanas del siglo XX. La charla expone los resultados del proyecto colaborativo realizado junto a Mariano Siskind “Cultures of Reading and Global Intellectual Communities in Latin American Periodicals 1930-1950” (2018), financiado por el David Rockefeller Center de Harvard University. Por otra parte, muestra los avances de la investigación a la que dicho proyecto dio lugar: “Revistas culturales latinoamericanas, recorte y globalización de la cultura en la primera mitad del siglo XX” (Fondecyt Regular 1190182, Agencia Nacional de Investigación, Chile).</span></p>



<p><span class="ls-force-justify">Orador:<br><strong>Antonia Viu</strong>, Directora Departamento de Literatura, Universidad Adolfo Ibáñez</span></p>



<p><span class="ls-force-justify">Moderado por:<br><strong>Mariano Siskind</strong>, Profesor de Lenguas y Literatura Romance, y Literatura Comparativa; Co-presidente del Programa de Andes &amp; Cono Sur, Universidad de Harvard</span></p>

<p>This event is part of Harvard-UAI Collaborative Research Discoveries in Chile Series and will be held in Spanish. This event is virtual and will be held at 6:30pm Santiago de Chile time. </p>
<p>Este evento se realizará en español.</p>

<!-- This site is optimized with the Yoast SEO plugin v27.3 - https://yoast.com/product/yoast-seo-wordpress/ -->
<title>Revistas culturales latinoamericanas, recorte y globalización de la cultura en la primera mitad del siglo XX - Luksic Scholars</title>
<meta name="robots" content="index, follow, max-snippet:-1, max-image-preview:large, max-video-preview:-1" />
<link rel="canonical" href="https://luksicscholars.org/en/event/revistas-culturales-latinoamericanas-recorte-y-globalizacion-de-la-cultura-en-la-primera-mitad-del-siglo-xx/" />
<meta property="og:locale" content="en_US" />
<meta property="og:type" content="article" />
<meta property="og:title" content="Revistas culturales latinoamericanas, recorte y globalización de la cultura en la primera mitad del siglo XX - Luksic Scholars" />
<meta property="og:description" content="This event is part of Harvard-UAI Collaborative Research Discoveries in Chile Series and will be held in Spanish. This event is virtual and will be held at 6:30pm Santiago de Chile time.  Este evento se realizará en español." />
<meta property="og:url" content="https://luksicscholars.org/en/event/revistas-culturales-latinoamericanas-recorte-y-globalizacion-de-la-cultura-en-la-primera-mitad-del-siglo-xx/" />
<meta property="og:site_name" content="Luksic Scholars" />
<meta name="twitter:card" content="summary_large_image" />
<meta name="twitter:label1" content="Est. reading time" />
	<meta name="twitter:data1" content="1 minute" />
<script type="application/ld+json" class="yoast-schema-graph">{"@context":"https:\/\/schema.org","@graph":[{"@type":"WebPage","@id":"https:\/\/luksicscholars.org\/en\/event\/revistas-culturales-latinoamericanas-recorte-y-globalizacion-de-la-cultura-en-la-primera-mitad-del-siglo-xx\/","url":"https:\/\/luksicscholars.org\/en\/event\/revistas-culturales-latinoamericanas-recorte-y-globalizacion-de-la-cultura-en-la-primera-mitad-del-siglo-xx\/","name":"Revistas culturales latinoamericanas, recorte y globalización de la cultura en la primera mitad del siglo XX - Luksic Scholars","isPartOf":{"@id":"https:\/\/luksicscholars.org\/#website"},"datePublished":"2021-09-08T12:14:25+00:00","breadcrumb":{"@id":"https:\/\/luksicscholars.org\/en\/event\/revistas-culturales-latinoamericanas-recorte-y-globalizacion-de-la-cultura-en-la-primera-mitad-del-siglo-xx\/#breadcrumb"},"inLanguage":"en-US","potentialAction":[{"@type":"ReadAction","target":["https:\/\/luksicscholars.org\/en\/event\/revistas-culturales-latinoamericanas-recorte-y-globalizacion-de-la-cultura-en-la-primera-mitad-del-siglo-xx\/"]}]},{"@type":"BreadcrumbList","@id":"https:\/\/luksicscholars.org\/en\/event\/revistas-culturales-latinoamericanas-recorte-y-globalizacion-de-la-cultura-en-la-primera-mitad-del-siglo-xx\/#breadcrumb","itemListElement":[{"@type":"ListItem","position":1,"name":"Home","item":"https:\/\/luksicscholars.org\/en\/"},{"@type":"ListItem","position":2,"name":"Eventos","item":"https:\/\/luksicscholars.org\/evento\/"},{"@type":"ListItem","position":3,"name":"Revistas culturales latinoamericanas, recorte y globalización de la cultura en la primera mitad del siglo XX"}]},{"@type":"WebSite","@id":"https:\/\/luksicscholars.org\/#website","url":"https:\/\/luksicscholars.org\/","name":"Luksic Scholars","description":"Connecting Luksic Scholars around the world","publisher":{"@id":"https:\/\/luksicscholars.org\/#organization"},"potentialAction":[{"@type":"SearchAction","target":{"@type":"EntryPoint","urlTemplate":"https:\/\/luksicscholars.org\/?s={search_term_string}"},"query-input":{"@type":"PropertyValueSpecification","valueRequired":true,"valueName":"search_term_string"}}],"inLanguage":"en-US"},{"@type":"Organization","@id":"https:\/\/luksicscholars.org\/#organization","name":"Luksic Scholars","url":"https:\/\/luksicscholars.org\/","logo":{"@type":"ImageObject","inLanguage":"en-US","@id":"https:\/\/luksicscholars.org\/#\/schema\/logo\/image\/","url":"https:\/\/luksicscholars.org\/\/wp-content\/uploads\/2020\/09\/LuksicScholarsFoundation-Primary-white.svg","contentUrl":"https:\/\/luksicscholars.org\/\/wp-content\/uploads\/2020\/09\/LuksicScholarsFoundation-Primary-white.svg","width":1177,"height":305,"caption":"Luksic Scholars"},"image":{"@id":"https:\/\/luksicscholars.org\/#\/schema\/logo\/image\/"}}]}</script>
<!-- / Yoast SEO plugin. -->

Revistas culturales latinoamericanas, recorte y globalización de la cultura en la primera mitad del siglo XX - Luksic Scholars

This event is part of Harvard-UAI Collaborative Research Discoveries in Chile Series and will be held in Spanish. This event is virtual and will be held at 6:30pm Santiago de Chile time.  Este evento se realizará en español.
