{"id":5522,"date":"2021-02-04T15:05:14","date_gmt":"2021-02-04T15:05:14","guid":{"rendered":"https:\/\/www.luksicscholars.org\/?post_type=ls-event&#038;p=5522"},"modified":"2021-02-19T16:41:13","modified_gmt":"2021-02-19T16:41:13","slug":"harvard-drclas-why-architecture-belongs-in-the-museum-ricardo-daza","status":"publish","type":"ls-event","link":"https:\/\/luksicscholars.org\/en\/event\/harvard-drclas-why-architecture-belongs-in-the-museum-ricardo-daza\/","title":{"rendered":"Harvard DRCLAS \u2014 Why Architecture Belongs in the Museum: Ricardo Daza"},"content":{"rendered":"\n<p><span class=\"ls-force-justify\"><\/span><\/p>\n\n\n\n<hr class=\"wp-block-separator\"\/>\n\n\n\n<p><span class=\"ls-force-justify\">This conversation series is part of&nbsp;<a href=\"https:\/\/drclas.harvard.edu\/curating-architecture-across-americas\" target=\"_blank\" rel=\"noreferrer noopener\">Curating Architecture Across the Americas (CAAA)<\/a>, an initiative that brings together institutions, curators, and scholars to discuss the role of architecture exhibitions and collections in the expanding world of curatorial practices and cultural debates. The series is run in parallel with the course Architecture in the \u201cmuseum\u201d a transnational seminar ran simultaneously by three institutions: Harvard University, Universidad Nacional Aut\u00f3noma de M\u00e9xico, and Pontificia Universidad Cat\u00f3lica de Chile, each led by local faculty members.<\/span><\/p>\n\n\n\n<p><span class=\"ls-force-justify\"><strong>Ricardo Daza<\/strong>&nbsp;holds a Bachelor Degree in Architecture from the National University of Colombia&nbsp;(1989);&nbsp;a Master degree in History, Art, Architecture and the City (1997), and a PhD in Architectural Projects (2009) from the&nbsp;Polytechnic University of Catalonia. Professor of Theory and Director of projects for undergraduate, master&#8217;s, and doctorate degrees and Coordinator of the Line of Architectural Projects for the Doctorate in Art and Architecture at the National University of Colombia.&nbsp;He has been Visiting Professor in Brazil, Ecuador, Spain, Chile, Italy, Mexico, Paraguay, Peru and Venezuela. Curator of several exhibitions and author of the books \u201cLooking for Mies\u201d (2000), and \u201cTras el Viaje de Oriente &#8211; Charles-\u00c9douard Jeanneret &#8211; Le Corbusier\u201d (2015.)&nbsp;Daza has published catalogs and articles in diverse specialized Magazines.&nbsp; He has received various awards, was finalist of the Ibero-American Biennial and winner of the XXV Colombian Biennial of Architecture and Urbanism 2016.&nbsp;<\/span><\/p>\n\n\n\n<p><span class=\"ls-force-justify\"><strong>Cristina L\u00f3pez Uribe<\/strong>&nbsp;is an architectural historian who specializes in twentieth-century Mexican architecture.&nbsp;She holds a BA in Architecture from the Universidad Nacional Aut\u00f3noma de M\u00e9xico (UNAM) and an MA in History of Art, Architecture and the City from the Universitat Polytecnica de Catalunya, where she is currently a PhD candidate in Architecture History and Theory. She is Assistant Professor of History of Architecture and a member of the Laboratorio Editorial de Arquitectura at the UNAM and is the editor-in-chief of the journal&nbsp;<em>Bit\u00e1cora Arquitectura.&nbsp;<\/em>She is coeditor, with Salvador Liz\u00e1rraga, of<em>&nbsp;Living CU: 60 Years&nbsp;<\/em>(UNAM, 2014) and is the author of&nbsp;several essays on Mexican architecture. She assisted MoMA curators in Mexico in the preparation for the exhibition&nbsp;<em>Latin America in Construction: Architecture 1955\u20131980&nbsp;a<\/em>nd worked as an advisor on the LACMA exhibition<em>&nbsp;Found in Translation: Design in California and Mexico, 1915\u20131985.<\/em><\/span><\/p>\n","protected":false},"excerpt":{"rendered":"<p>Timezone: EST<\/p>\n<p>Speaker: Ricardo Daza, Director, Leopoldo Rother Architecture Museum , Universidad Nacional de Colombia<\/p>\n<p>Moderated by: Cristina Lopez Uribe, Professor of Architecture, Universidad Nacional Aut\u00f3noma de M\u00e9xico<\/p>\n","protected":false,"has_excerpt":true},"featured_media":0,"parent":0,"comment_status":"open","ping_status":"closed","template":"","class_list":["post-5522","ls-event","type-ls-event","status-publish","hentry"],"acf":{"date_start":"2021-03-17 17:00:00","date_end":"2021-03-17 18:00:00","timezone":"EST - Eastern Standard Time (GMT-5:00)","list_description":"","event_type":"virtual","organized_by":"Harvard DRCLAS","organized_by_url":"https:\/\/drclas.harvard.edu\/","is_private":false,"attendance_instructions":"Registration is requested. Use the Sign Up link below.","external_link":"https:\/\/harvard.zoom.us\/webinar\/register\/WN_FmWljpx2Qbmsj-iZ34w5Xw","external_email":"","external_use":"url","external_cta":"Sign Up","is_portal_event":false,"related_scholar":false,"target_description":"","registration_instructions":"","reject_event":false,"reminders_sent":false,"microinteractions":{"remindme":{"count":"","users":false}}},"yoast_head":"<!-- This site is optimized with the Yoast SEO plugin v27.3 - https:\/\/yoast.com\/product\/yoast-seo-wordpress\/ -->\n<title>Harvard DRCLAS \u2014 Why Architecture Belongs in the Museum: Ricardo Daza - Luksic Scholars<\/title>\n<meta name=\"robots\" content=\"index, follow, max-snippet:-1, max-image-preview:large, max-video-preview:-1\" \/>\n<link rel=\"canonical\" href=\"https:\/\/luksicscholars.org\/en\/event\/harvard-drclas-why-architecture-belongs-in-the-museum-ricardo-daza\/\" \/>\n<meta property=\"og:locale\" content=\"en_US\" \/>\n<meta property=\"og:type\" content=\"article\" \/>\n<meta property=\"og:title\" content=\"Harvard DRCLAS \u2014 Why Architecture Belongs in the Museum: Ricardo Daza - Luksic Scholars\" \/>\n<meta property=\"og:description\" content=\"Timezone: EST Speaker: Ricardo Daza, Director, Leopoldo Rother Architecture Museum , Universidad Nacional de Colombia Moderated by: Cristina Lopez Uribe, Professor of Architecture, Universidad Nacional Aut\u00f3noma de M\u00e9xico\" \/>\n<meta property=\"og:url\" content=\"https:\/\/luksicscholars.org\/en\/event\/harvard-drclas-why-architecture-belongs-in-the-museum-ricardo-daza\/\" \/>\n<meta property=\"og:site_name\" content=\"Luksic Scholars\" \/>\n<meta property=\"article:modified_time\" content=\"2021-02-19T16:41:13+00:00\" \/>\n<meta name=\"twitter:card\" content=\"summary_large_image\" \/>\n<meta name=\"twitter:label1\" content=\"Est. reading time\" \/>\n\t<meta name=\"twitter:data1\" content=\"2 minutes\" \/>\n<script type=\"application\/ld+json\" class=\"yoast-schema-graph\">{\"@context\":\"https:\\\/\\\/schema.org\",\"@graph\":[{\"@type\":\"WebPage\",\"@id\":\"https:\\\/\\\/luksicscholars.org\\\/en\\\/event\\\/harvard-drclas-why-architecture-belongs-in-the-museum-ricardo-daza\\\/\",\"url\":\"https:\\\/\\\/luksicscholars.org\\\/en\\\/event\\\/harvard-drclas-why-architecture-belongs-in-the-museum-ricardo-daza\\\/\",\"name\":\"Harvard DRCLAS \u2014 Why Architecture Belongs in the Museum: Ricardo Daza - Luksic Scholars\",\"isPartOf\":{\"@id\":\"https:\\\/\\\/luksicscholars.org\\\/#website\"},\"datePublished\":\"2021-02-04T15:05:14+00:00\",\"dateModified\":\"2021-02-19T16:41:13+00:00\",\"breadcrumb\":{\"@id\":\"https:\\\/\\\/luksicscholars.org\\\/en\\\/event\\\/harvard-drclas-why-architecture-belongs-in-the-museum-ricardo-daza\\\/#breadcrumb\"},\"inLanguage\":\"en-US\",\"potentialAction\":[{\"@type\":\"ReadAction\",\"target\":[\"https:\\\/\\\/luksicscholars.org\\\/en\\\/event\\\/harvard-drclas-why-architecture-belongs-in-the-museum-ricardo-daza\\\/\"]}]},{\"@type\":\"BreadcrumbList\",\"@id\":\"https:\\\/\\\/luksicscholars.org\\\/en\\\/event\\\/harvard-drclas-why-architecture-belongs-in-the-museum-ricardo-daza\\\/#breadcrumb\",\"itemListElement\":[{\"@type\":\"ListItem\",\"position\":1,\"name\":\"Home\",\"item\":\"https:\\\/\\\/luksicscholars.org\\\/en\\\/\"},{\"@type\":\"ListItem\",\"position\":2,\"name\":\"Eventos\",\"item\":\"https:\\\/\\\/luksicscholars.org\\\/evento\\\/\"},{\"@type\":\"ListItem\",\"position\":3,\"name\":\"Harvard DRCLAS \u2014 Why Architecture Belongs in the Museum: Ricardo Daza\"}]},{\"@type\":\"WebSite\",\"@id\":\"https:\\\/\\\/luksicscholars.org\\\/#website\",\"url\":\"https:\\\/\\\/luksicscholars.org\\\/\",\"name\":\"Luksic Scholars\",\"description\":\"Connecting Luksic Scholars around the world\",\"publisher\":{\"@id\":\"https:\\\/\\\/luksicscholars.org\\\/#organization\"},\"potentialAction\":[{\"@type\":\"SearchAction\",\"target\":{\"@type\":\"EntryPoint\",\"urlTemplate\":\"https:\\\/\\\/luksicscholars.org\\\/?s={search_term_string}\"},\"query-input\":{\"@type\":\"PropertyValueSpecification\",\"valueRequired\":true,\"valueName\":\"search_term_string\"}}],\"inLanguage\":\"en-US\"},{\"@type\":\"Organization\",\"@id\":\"https:\\\/\\\/luksicscholars.org\\\/#organization\",\"name\":\"Luksic Scholars\",\"url\":\"https:\\\/\\\/luksicscholars.org\\\/\",\"logo\":{\"@type\":\"ImageObject\",\"inLanguage\":\"en-US\",\"@id\":\"https:\\\/\\\/luksicscholars.org\\\/#\\\/schema\\\/logo\\\/image\\\/\",\"url\":\"https:\\\/\\\/luksicscholars.org\\\/\\\/wp-content\\\/uploads\\\/2020\\\/09\\\/LuksicScholarsFoundation-Primary-white.svg\",\"contentUrl\":\"https:\\\/\\\/luksicscholars.org\\\/\\\/wp-content\\\/uploads\\\/2020\\\/09\\\/LuksicScholarsFoundation-Primary-white.svg\",\"width\":1177,\"height\":305,\"caption\":\"Luksic Scholars\"},\"image\":{\"@id\":\"https:\\\/\\\/luksicscholars.org\\\/#\\\/schema\\\/logo\\\/image\\\/\"}}]}<\/script>\n<!-- \/ Yoast SEO plugin. -->","yoast_head_json":{"title":"Harvard DRCLAS \u2014 Why Architecture Belongs in the Museum: Ricardo Daza - Luksic Scholars","robots":{"index":"index","follow":"follow","max-snippet":"max-snippet:-1","max-image-preview":"max-image-preview:large","max-video-preview":"max-video-preview:-1"},"canonical":"https:\/\/luksicscholars.org\/en\/event\/harvard-drclas-why-architecture-belongs-in-the-museum-ricardo-daza\/","og_locale":"en_US","og_type":"article","og_title":"Harvard DRCLAS \u2014 Why Architecture Belongs in the Museum: Ricardo Daza - Luksic Scholars","og_description":"Timezone: EST Speaker: Ricardo Daza, Director, Leopoldo Rother Architecture Museum , Universidad Nacional de Colombia Moderated by: Cristina Lopez Uribe, Professor of Architecture, Universidad Nacional Aut\u00f3noma de M\u00e9xico","og_url":"https:\/\/luksicscholars.org\/en\/event\/harvard-drclas-why-architecture-belongs-in-the-museum-ricardo-daza\/","og_site_name":"Luksic Scholars","article_modified_time":"2021-02-19T16:41:13+00:00","twitter_card":"summary_large_image","twitter_misc":{"Est. reading time":"2 minutes"},"schema":{"@context":"https:\/\/schema.org","@graph":[{"@type":"WebPage","@id":"https:\/\/luksicscholars.org\/en\/event\/harvard-drclas-why-architecture-belongs-in-the-museum-ricardo-daza\/","url":"https:\/\/luksicscholars.org\/en\/event\/harvard-drclas-why-architecture-belongs-in-the-museum-ricardo-daza\/","name":"Harvard DRCLAS \u2014 Why Architecture Belongs in the Museum: Ricardo Daza - Luksic Scholars","isPartOf":{"@id":"https:\/\/luksicscholars.org\/#website"},"datePublished":"2021-02-04T15:05:14+00:00","dateModified":"2021-02-19T16:41:13+00:00","breadcrumb":{"@id":"https:\/\/luksicscholars.org\/en\/event\/harvard-drclas-why-architecture-belongs-in-the-museum-ricardo-daza\/#breadcrumb"},"inLanguage":"en-US","potentialAction":[{"@type":"ReadAction","target":["https:\/\/luksicscholars.org\/en\/event\/harvard-drclas-why-architecture-belongs-in-the-museum-ricardo-daza\/"]}]},{"@type":"BreadcrumbList","@id":"https:\/\/luksicscholars.org\/en\/event\/harvard-drclas-why-architecture-belongs-in-the-museum-ricardo-daza\/#breadcrumb","itemListElement":[{"@type":"ListItem","position":1,"name":"Home","item":"https:\/\/luksicscholars.org\/en\/"},{"@type":"ListItem","position":2,"name":"Eventos","item":"https:\/\/luksicscholars.org\/evento\/"},{"@type":"ListItem","position":3,"name":"Harvard DRCLAS \u2014 Why Architecture Belongs in the Museum: Ricardo Daza"}]},{"@type":"WebSite","@id":"https:\/\/luksicscholars.org\/#website","url":"https:\/\/luksicscholars.org\/","name":"Luksic Scholars","description":"Connecting Luksic Scholars around the world","publisher":{"@id":"https:\/\/luksicscholars.org\/#organization"},"potentialAction":[{"@type":"SearchAction","target":{"@type":"EntryPoint","urlTemplate":"https:\/\/luksicscholars.org\/?s={search_term_string}"},"query-input":{"@type":"PropertyValueSpecification","valueRequired":true,"valueName":"search_term_string"}}],"inLanguage":"en-US"},{"@type":"Organization","@id":"https:\/\/luksicscholars.org\/#organization","name":"Luksic Scholars","url":"https:\/\/luksicscholars.org\/","logo":{"@type":"ImageObject","inLanguage":"en-US","@id":"https:\/\/luksicscholars.org\/#\/schema\/logo\/image\/","url":"https:\/\/luksicscholars.org\/\/wp-content\/uploads\/2020\/09\/LuksicScholarsFoundation-Primary-white.svg","contentUrl":"https:\/\/luksicscholars.org\/\/wp-content\/uploads\/2020\/09\/LuksicScholarsFoundation-Primary-white.svg","width":1177,"height":305,"caption":"Luksic Scholars"},"image":{"@id":"https:\/\/luksicscholars.org\/#\/schema\/logo\/image\/"}}]}},"_links":{"self":[{"href":"https:\/\/luksicscholars.org\/en\/wp-json\/wp\/v2\/ls-event\/5522","targetHints":{"allow":["GET"]}}],"collection":[{"href":"https:\/\/luksicscholars.org\/en\/wp-json\/wp\/v2\/ls-event"}],"about":[{"href":"https:\/\/luksicscholars.org\/en\/wp-json\/wp\/v2\/types\/ls-event"}],"replies":[{"embeddable":true,"href":"https:\/\/luksicscholars.org\/en\/wp-json\/wp\/v2\/comments?post=5522"}],"wp:attachment":[{"href":"https:\/\/luksicscholars.org\/en\/wp-json\/wp\/v2\/media?parent=5522"}],"curies":[{"name":"wp","href":"https:\/\/api.w.org\/{rel}","templated":true}]}}

<p><span class="ls-force-justify"></span></p>



<hr class="wp-block-separator"/>



<p><span class="ls-force-justify">This conversation series is part of&nbsp;<a href="https://drclas.harvard.edu/curating-architecture-across-americas" target="_blank" rel="noreferrer noopener">Curating Architecture Across the Americas (CAAA)</a>, an initiative that brings together institutions, curators, and scholars to discuss the role of architecture exhibitions and collections in the expanding world of curatorial practices and cultural debates. The series is run in parallel with the course Architecture in the “museum” a transnational seminar ran simultaneously by three institutions: Harvard University, Universidad Nacional Autónoma de México, and Pontificia Universidad Católica de Chile, each led by local faculty members.</span></p>



<p><span class="ls-force-justify"><strong>Ricardo Daza</strong>&nbsp;holds a Bachelor Degree in Architecture from the National University of Colombia&nbsp;(1989);&nbsp;a Master degree in History, Art, Architecture and the City (1997), and a PhD in Architectural Projects (2009) from the&nbsp;Polytechnic University of Catalonia. Professor of Theory and Director of projects for undergraduate, master&#8217;s, and doctorate degrees and Coordinator of the Line of Architectural Projects for the Doctorate in Art and Architecture at the National University of Colombia.&nbsp;He has been Visiting Professor in Brazil, Ecuador, Spain, Chile, Italy, Mexico, Paraguay, Peru and Venezuela. Curator of several exhibitions and author of the books “Looking for Mies” (2000), and “Tras el Viaje de Oriente &#8211; Charles-Édouard Jeanneret &#8211; Le Corbusier” (2015.)&nbsp;Daza has published catalogs and articles in diverse specialized Magazines.&nbsp; He has received various awards, was finalist of the Ibero-American Biennial and winner of the XXV Colombian Biennial of Architecture and Urbanism 2016.&nbsp;</span></p>



<p><span class="ls-force-justify"><strong>Cristina López Uribe</strong>&nbsp;is an architectural historian who specializes in twentieth-century Mexican architecture.&nbsp;She holds a BA in Architecture from the Universidad Nacional Autónoma de México (UNAM) and an MA in History of Art, Architecture and the City from the Universitat Polytecnica de Catalunya, where she is currently a PhD candidate in Architecture History and Theory. She is Assistant Professor of History of Architecture and a member of the Laboratorio Editorial de Arquitectura at the UNAM and is the editor-in-chief of the journal&nbsp;<em>Bitácora Arquitectura.&nbsp;</em>She is coeditor, with Salvador Lizárraga, of<em>&nbsp;Living CU: 60 Years&nbsp;</em>(UNAM, 2014) and is the author of&nbsp;several essays on Mexican architecture. She assisted MoMA curators in Mexico in the preparation for the exhibition&nbsp;<em>Latin America in Construction: Architecture 1955–1980&nbsp;a</em>nd worked as an advisor on the LACMA exhibition<em>&nbsp;Found in Translation: Design in California and Mexico, 1915–1985.</em></span></p>

<p>Timezone: EST</p>
<p>Speaker: Ricardo Daza, Director, Leopoldo Rother Architecture Museum , Universidad Nacional de Colombia</p>
<p>Moderated by: Cristina Lopez Uribe, Professor of Architecture, Universidad Nacional Autónoma de México</p>

<!-- This site is optimized with the Yoast SEO plugin v27.3 - https://yoast.com/product/yoast-seo-wordpress/ -->
<title>Harvard DRCLAS — Why Architecture Belongs in the Museum: Ricardo Daza - Luksic Scholars</title>
<meta name="robots" content="index, follow, max-snippet:-1, max-image-preview:large, max-video-preview:-1" />
<link rel="canonical" href="https://luksicscholars.org/en/event/harvard-drclas-why-architecture-belongs-in-the-museum-ricardo-daza/" />
<meta property="og:locale" content="en_US" />
<meta property="og:type" content="article" />
<meta property="og:title" content="Harvard DRCLAS — Why Architecture Belongs in the Museum: Ricardo Daza - Luksic Scholars" />
<meta property="og:description" content="Timezone: EST Speaker: Ricardo Daza, Director, Leopoldo Rother Architecture Museum , Universidad Nacional de Colombia Moderated by: Cristina Lopez Uribe, Professor of Architecture, Universidad Nacional Autónoma de México" />
<meta property="og:url" content="https://luksicscholars.org/en/event/harvard-drclas-why-architecture-belongs-in-the-museum-ricardo-daza/" />
<meta property="og:site_name" content="Luksic Scholars" />
<meta property="article:modified_time" content="2021-02-19T16:41:13+00:00" />
<meta name="twitter:card" content="summary_large_image" />
<meta name="twitter:label1" content="Est. reading time" />
	<meta name="twitter:data1" content="2 minutes" />
<script type="application/ld+json" class="yoast-schema-graph">{"@context":"https:\/\/schema.org","@graph":[{"@type":"WebPage","@id":"https:\/\/luksicscholars.org\/en\/event\/harvard-drclas-why-architecture-belongs-in-the-museum-ricardo-daza\/","url":"https:\/\/luksicscholars.org\/en\/event\/harvard-drclas-why-architecture-belongs-in-the-museum-ricardo-daza\/","name":"Harvard DRCLAS — Why Architecture Belongs in the Museum: Ricardo Daza - Luksic Scholars","isPartOf":{"@id":"https:\/\/luksicscholars.org\/#website"},"datePublished":"2021-02-04T15:05:14+00:00","dateModified":"2021-02-19T16:41:13+00:00","breadcrumb":{"@id":"https:\/\/luksicscholars.org\/en\/event\/harvard-drclas-why-architecture-belongs-in-the-museum-ricardo-daza\/#breadcrumb"},"inLanguage":"en-US","potentialAction":[{"@type":"ReadAction","target":["https:\/\/luksicscholars.org\/en\/event\/harvard-drclas-why-architecture-belongs-in-the-museum-ricardo-daza\/"]}]},{"@type":"BreadcrumbList","@id":"https:\/\/luksicscholars.org\/en\/event\/harvard-drclas-why-architecture-belongs-in-the-museum-ricardo-daza\/#breadcrumb","itemListElement":[{"@type":"ListItem","position":1,"name":"Home","item":"https:\/\/luksicscholars.org\/en\/"},{"@type":"ListItem","position":2,"name":"Eventos","item":"https:\/\/luksicscholars.org\/evento\/"},{"@type":"ListItem","position":3,"name":"Harvard DRCLAS — Why Architecture Belongs in the Museum: Ricardo Daza"}]},{"@type":"WebSite","@id":"https:\/\/luksicscholars.org\/#website","url":"https:\/\/luksicscholars.org\/","name":"Luksic Scholars","description":"Connecting Luksic Scholars around the world","publisher":{"@id":"https:\/\/luksicscholars.org\/#organization"},"potentialAction":[{"@type":"SearchAction","target":{"@type":"EntryPoint","urlTemplate":"https:\/\/luksicscholars.org\/?s={search_term_string}"},"query-input":{"@type":"PropertyValueSpecification","valueRequired":true,"valueName":"search_term_string"}}],"inLanguage":"en-US"},{"@type":"Organization","@id":"https:\/\/luksicscholars.org\/#organization","name":"Luksic Scholars","url":"https:\/\/luksicscholars.org\/","logo":{"@type":"ImageObject","inLanguage":"en-US","@id":"https:\/\/luksicscholars.org\/#\/schema\/logo\/image\/","url":"https:\/\/luksicscholars.org\/\/wp-content\/uploads\/2020\/09\/LuksicScholarsFoundation-Primary-white.svg","contentUrl":"https:\/\/luksicscholars.org\/\/wp-content\/uploads\/2020\/09\/LuksicScholarsFoundation-Primary-white.svg","width":1177,"height":305,"caption":"Luksic Scholars"},"image":{"@id":"https:\/\/luksicscholars.org\/#\/schema\/logo\/image\/"}}]}</script>
<!-- / Yoast SEO plugin. -->

Timezone: EST Speaker: Ricardo Daza, Director, Leopoldo Rother Architecture Museum , Universidad Nacional de Colombia Moderated by: Cristina Lopez Uribe, Professor of Architecture, Universidad Nacional Autónoma de México
